**3 - 12*v + 13. Let t be j(2). Let y(s) = -s**2 + 4*s + 4. What is y(t)?
-17
Let g be (5 - -3)*(-1)/2*-5. Suppose 0 = -3*c + g - 8. Let o(y) = -y**3 + 3*y**2 + 5*y - 2. What is o(c)?
2
Let b = 13 - 8. Suppose -3*m = 3*n - 0*n + 6, b*n - 30 = 3*m. Suppose 18 = -n*z + 3. Let q(f) = -f - 1. Give q(z).
4
Let v = 16 + -4. Let z be ((-2)/4)/(3/v). Let j(n) = -3*n**3 - 4*n**2 - 3*n. Let k(h) = -10*h**3 - 12*h**2 - 9*h. Let o(l) = -7*j(l) + 2*k(l). Give o(z).
2
Suppose 8*m - 6 - 2 = 0. Let h(d) = -m - 8 + 7 + 3 + 2*d. Give h(3).
7
Let g(i) = i**3 - 11*i**2 + 4*i - 36. Let t be (-5 + 9)/12*11*3. Let d be g(t). Let k(v) = -v + 7. Determine k(d).
-1
Let u = 129 - 134. Let z(w) = -w - 3. Give z(u).
2
Let x be (-3)/(2 + 76/(-32)). Let z be 57/(-21) - x/28. Let q be 3 - -1 - 11 - z. Let s(k) = -2*k - 1. Give s(q).
7
Let b(p) be the second derivative of p**6/360 + p**5/20 + p**4/8 + 11*p**3/6 - 6*p. Let q(f) be the second derivative of b(f). What is q(-7)?
10
Let f(j) = -2*j + 43. Let h(p) = -7. Let d(c) = f(c) + 6*h(c). Suppose 0 = -m - 3*q + 6 + 12, 4*m = 2*q + 16. Calculate d(m).
-11
Let w(x) = x**2 - 3*x + 1. Suppose 2*p = 4*c + 24, 2*c + 18 = -20*p + 22*p. Calculate w(p).
19
Let v(p) = 50 - 4*p - 51 + 3*p. Let d(a) = -7*a - 1. Let g(n) = d(n) - 2*v(n). Suppose x - 5*r = -4*x - 5, -13 = -3*x - 5*r. Determine g(x).
-4
Let u = -23 + 18. Let w(k) = -251 - k + 251. Let i(q) = 23*q - 1. Let o(c) = u*w(c) - i(c). Give o(-1).
19
Let g be (-2 - 2) + 30/1. Let w(u) = g - u - 10 - 2*u + 4*u. Calculate w(0).
16
Let l(h) = 8*h**2 - 7*h + 6. Let d(g) = 9*g**2 - 8*g + 7. Let x(t) = 5*d(t) - 6*l(t). Let z be (-4 - 7)/(-1) - -2. Let b = z + -12. What is x(b)?
-2
Let r(h) = h**2 + 7*h + 9. Let o be 6/4*8/(-6). Let z be r(o). Let d(u) = 0 + u**2 + 6*u - 4*u + 1 - 7*u**3. What is d(z)?
7
Let i = 15 + -9. Let t(k) be the first derivative of k**4/4 - 7*k**3/3 + 7*k**2/2 + 6*k - 939. Calculate t(i).
12
Let a(d) = -d**3 - 3*d**2 + 4*d + 3. Let i(c) = c**3 + 3*c**2 - 5*c - 4. Let h(k) = 3*a(k) + 2*i(k). Calculate h(-3).
-5
Let g(j) = 6 + j + 191*j**3 - 192*j**3 + 4*j - 3*j**2. Determine g(-4).
2
Let n(d) = d**2 - d - 6. Let c be n(0). Let w(z) = -27*z**2 - 18*z + 23. Let k(s) = -17*s**2 - 12*s + 15. Let v(l) = 8*k(l) - 5*w(l). Give v(c).
5
Let c(f) be the first derivative of f**4/4 + 2*f**3 + 3*f**2/2 - 2*f + 172. Calculate c(-6).
-20
Let g(i) = -i**3 - 3*i**2 + 5*i - 2. Let d(l) = -l**2 + 13*l - 24. Let u be d(5). Let v = u - 20. Give g(v).
-6
Let b(c) = c**3 - 4*c**2 + c - 1. Let q(x) = -x**3 - 6*x**2 - 11*x - 9. Let i be q(-4). What is b(i)?
-7
Let d(g) = 3*g - 1. Let x(s) be the second derivative of s**5/20 - 13*s**4/12 + s**2/2 + s. Let c(t) = 41*t - 438. Let j be c(11). Let h be x(j). What is d(h)?
2
Let a(p) = -p - 1. Let b(l) = -5*l + 4. Let k(n) = -6*a(n) + b(n). Let j(m) = -5*m**3 - 4*m**2 - 3*m - 2. Let f be j(-2). Let r = f - 28. Calculate k(r).
10
Let v(s) = 448 + s - 223 - 222. Determine v(2).
5
Let k(f) = -7*f**3 + 4*f**2 + 2*f + 3. Let w(b) = 16*b**3 - 9*b**2 - 5*b - 5. Let n(i) = -7*k(i) - 3*w(i). Determine n(0).
-6
Let x = -2 - 8. Let c be 4/(-20) + (-182)/x. Suppose 0 = -b - 2*b - c. Let k(a) = a**2 + 7*a + 7. Determine k(b).
1
Suppose 0 = 2*v - n - 9, -2 = 2*v - 3*n - 17. Let d(t) = -v*t + 2 - 1 - 3 + 3. Calculate d(1).
-2
Let n(g) = -g**3 + g + 1. Let i(o) = -2*o**3 + 4*o**2 - 4*o - 3. Let b(l) = -i(l) + n(l). What is b(4)?
24
Let d be 32/12 + 2/(-3). Let r(a) = d*a + 4 + 7*a - 3. Calculate r(-1).
-8
Let s(p) = 3*p + 2. Suppose 47*d = 60*d + 13. What is s(d)?
-1
Let p(l) = -2*l. Let a(v) = -5*v - v - 1302 + 1300 - 6*v. Let w(q) = -a(q) + 5*p(q). Determine w(-2).
-2
Let u(j) be the second derivative of 5/6*j**3 + 0*j**2 + 0 + 1/12*j**4 - 3*j - 1/40*j**5. Let r(b) be the second derivative of u(b). Calculate r(4).
-10
Let g(a) = -a - 5. Let i(s) be the third derivative of s**4/24 + 5*s**3/6 + 2*s**2. Let q be ((-20)/2)/(6/(-3)). Let r(x) = q*g(x) + 6*i(x). What is r(-3)?
2
Suppose 5*i - 3*m = 5, -2*i - 12 - 17 = 5*m. Let y(h) be the third derivative of 1/2*h**3 + 0 - 1/60*h**5 - 9*h**2 + 0*h + 1/8*h**4. What is y(i)?
-7
Let h(g) = 2*g**2 + 4*g + 1. Let x be h(-3). Suppose 6*c = -c - x. Let z(d) = -4*d**2 - 1 - d**2 + 0. What is z(c)?
-6
Let p(s) = s + 24. Let b(t) = -t**3 - 7*t**2 - 17*t - 51. Let w be b(-5). Give p(w).
8
Let p(c) = 3*c**3 - 27*c**2 + 5*c - 22. Let f(g) = 2*g**3 - 19*g**2 + 3*g - 15. Let s(d) = 7*f(d) - 5*p(d). Determine s(4).
-43
Let d(p) = p**2 - 2*p - 3. Let c(i) = i + 11. Let r(t) = 5*t + 43. Let z(x) = -9*c(x) + 2*r(x). Let h be (-158)/(-14) + (-28)/98. Let m be z(h). Determine d(m).
5
Suppose 10 + 0 = -5*o. Let t(a) = a**2 + a**3 - 44*a + 146*a - 55*a - 48*a + 2. Calculate t(o).
0
Let a = -4 + 7. Let p(z) = -z - 4 + 3*z + 4*z**2 - 3 + 2*z + 2*z**a. Let q(u) = u**3 + 3*u**2 + 3*u - 5. Let g(f) = 5*p(f) - 7*q(f). Determine g(-1).
-3
Let m(j) = 0*j - 21095 - j**3 + 2*j**2 + 2*j + 42195 - 21099. Let y be (-2)/(-1)*6/4. Calculate m(y).
-2
Let q be ((-2)/6)/(-4*(-22)/(-33)). Let u(i) be the third derivative of 1/20*i**5 + q*i**4 + 0 - 1/6*i**3 + 0*i - 1/120*i**6 + 7*i**2. Calculate u(3).
8
Suppose 155*d - 128*d = 0. Let z(u) be the third derivative of 1/24*u**4 + 0*u + d - 7*u**2 + 1/2*u**3. Give z(4).
7
Let m be (-2 - (-2 + -5)) + 0. Let h(l) = 4 - 4 + m - l. Let w = -3032 + 3036. Determine h(w).
1
Let w(s) = s**2 + 8*s + 6. Let z(n) = n**2 + 16*n + 18. Let g be z(-15). Suppose g*i - 4*i + 4 = 0. Suppose -i*k = y - 5*y, -3*y - 5 = -2*k. Give w(y).
-9
Let h(n) = -5*n - 26. Let v(t) = -4*t - 26. Let z(l) = -2*h(l) + 3*v(l). Determine z(-11).
-4
Let n(y) = -13 + 3796*y - 3802*y + 21. Calculate n(1).
2
Let z(h) = -h**2 - 11*h - 1. Let r = 86 + -96. Determine z(r).
9
Suppose 86 = 8*h + 54. Let w be ((-3)/4)/((-3)/(-12)). Let d(v) = v - 1. Let g(i) = i**3 - 4*i**2 + 8. Let l(r) = w*d(r) - g(r). Give l(h).
-17
Let m(r) = -424*r + 3817. Let z be m(9). Let p(f) = -4*f**3 + 2*f**2 - 4*f + 3. Let a(l) = 11*l**3 - 6*l**2 + 11*l - 8. Let x(n) = 3*a(n) + 8*p(n). Give x(z).
0
Let d be (14 + (-429)/26)*(-2)/20. Let j(g) be the first derivative of -g**2 + d*g**4 + 2*g + 2/3*g**3 + 8. Give j(-3).
-1
Suppose 0 = -4*a + 22 + 42. Let s = 16 - a. Let m(f) = -f + f**2 + s - 1 + 1. Calculate m(2).
2
Let m(a) be the first derivative of a**2/2 - 2*a - 181. Give m(-2).
-4
Suppose 8 - 2 = 6*f. Let l(x) = -16*x - 7. Let y(t) = -16*t - 6. Let d(i) = 5*l(i) - 6*y(i). Calculate d(f).
17
Let u = -6 - -8. Let b(l) be the second derivative of l**2 + 0 - l - 1/3*l**3. Determine b(u).
-2
Let t = -159 - -161. Let n(i) = -6*i - 2. Let b(x) = -2*x - 1. Let k(s) = -8*b(s) + 3*n(s). Determine k(t).
-2
Let q be (-64)/(-10) - (1 - (-9)/(-15)). Let s = 12 - q. Let g(r) = -r**2 + 4*r - 2. Determine g(s).
-14
Let q(v) = -27*v - 10*v - 3*v**2 + 2 + 38*v - 10*v**2. What is q(2)?
-48
Let f(s) = -s**3 + s**2 - 2*s - 6. Let h(z) = z**3 + 34*z**2 - 35*z. Let b be h(-35). Calculate f(b).
-6
Let o(z) = -25*z - 2 - 14*z + 11 + 11*z - 8. Calculate o(1).
-27
Let o(u) be the first derivative of u**3/3 - 3*u**2/2 + 2*u - 102. Suppose -4*v = -4*i - 0*i + 16, 2*i - v - 6 = 0. Give o(i).
0
Let r = 26 + -23. Let d(a) = -a**2 + 6. Let v(x) = 1. Let k(f) = r*v(f) - d(f). Calculate k(0).
-3
Suppose -3 = -3*s - 24. Let b be s*(120/(-35))/4. Let a(c) = -c**3 + 6*c**2 + 2*c. Give a(b).
12
Let z = 106 - 109. Let a(u) = 3*u**3 - 10*u**2 + 3*u + 7. Let w(b) = -2*b**3 + 5*b**2 - 2*b - 3. Let k(d) = z*a(d) - 5*w(d). What is k(-5)?
-11
Let f(h) = h**3 + 9*h**2 + 8*h - 3. Suppose -5*j - 3*k - 27 = -7*k, 4*k = -4*j - 36. Give f(j).
39
Suppose -5*s + 110 = 5*j, -5*s + j + 39 = -53. Let h = s + -15. Let k(z) = -1 + 10*z + z**2 + h*z - 16*z. Determine k(4).
7
Suppose -2*g - j + 1 = -1, -2*g - 2 = 2*j. Suppose -2*a + 3 = a, -2*k + a + 9 = 0. Let q(f) = -k*f - 3 + 4*f + 2. Give q(g).
-4
Let n(m) = 27*m + 99. Let x be n(-4). Let a(l) = l**2 + 4*l - 36. Determine a(x).
9
Let f = -3 + 8. Let d(t) be the third derivative of 0*t + 1/120*t**6 - 1/12*t**5 - 16*t**2 + 0*t**4 - 1/6*t**3 + 0. Give d(f).
-1
Let t(r) = -3 + 0 + r - 1. Let m be (-387)/12*-1 - (-3)/(-12). Suppose 0 = -k - 5*o + m, -4*o + 3 = -17. Give t(k).
3
Let c(h) = -4*h**2 - 10*h - 9. Let j(i) = 6*i - 12 - 3*i**2 + 4 - 7*i - 8*i. Let g(f) = -2*c(f) + 3*j(f). W